ns digit of u?
6
Let f(r) = 27*r**3 + 3*r**2 - 163*r + 1498. What is the units digit of f(10)?
8
Suppose -20*r = -2*a + 26580, 3*a - 4*r = a + 26644. What is the hundreds digit of a?
3
Suppose 0 = -38*w - 78113 + 691015. What is the hundreds digit of w?
1
Suppose -10*s + 15814 = -28716. What is the tens digit of s?
5
Let g(x) = -21*x - 6. Let l be g(-3). Suppose -a + 60 = l. Let w(q) = 8*q**3 + 4*q + 1. What is the hundreds digit of w(a)?
2
Let n(l) = -131*l + 220. Let s be n(-42). What is the units digit of (-5)/(-15) - s*4/(-24)?
4
Let g = -3614 + 8911. Suppose 1051 = n + 7*m - 4*m, -5*n - m = -g. What is the hundreds digit of n?
0
Let p(o) = 10*o**2 + 6*o + 22. Let f = 115 + -120. What is the units digit of p(f)?
2
What is the thousands digit of (-1528)/84*-198 - 6/(-21)?
3
Let s be (9/(-3) + 0)/(3/(-4)). Suppose 3*i = 3*c + 4*i - 873, -2*i - 1174 = -s*c. What is the hundreds digit of c?
2
Let j = -1091 - -2890. What is the thousands digit of j?
1
Let h be 22/(-5) - 58/(-145). What is the tens digit of (-65205)/70*h/6?
2
Suppose j + 5*c - 5 = 121, -2*j + 270 = c. Let o = j + 347. What is the hundreds digit of o?
4
Let h(u) = -2*u + 2*u**2 + 15*u + 39 + 0*u - u**2. Let c be h(-9). Suppose 0 = -5*j - 7*i + 3*i + 761, c*j - 4*i - 431 = 0. What is the tens digit of j?
4
Let w be ((-6)/(-5))/(-6*(-10)/(-400)). Let v(n) = 6*n**2 + 12*n - 50. What is the tens digit of v(w)?
3
Let j(v) = v**3 + 14*v**2 - 2*v - 7. Let f be j(-14). Suppose -8*k = f*k - 7772. What is the tens digit of k?
6
Let b(q) = 38*q - 76. Let m(p) = 3*p + 1. Let s(f) = -b(f) + 2*m(f). What is the hundreds digit of s(-4)?
2
What is the hundreds digit of (-2065140)/(-360) + 6/(-4)?
7
Let j(p) = -38*p + 124. Let s be j(-30). Let w = 2639 - s. What is the tens digit of w?
7
Let i = -79027 - -114798. What is the ten thousands digit of i?
3
What is the tens digit of (-812)/6*3510/(-63)?
4
Let j(d) = -8027*d + 11715. What is the units digit of j(-6)?
7
Let d(q) be the second derivative of 2*q**5/5 + 5*q**4/12 - 4*q**3/3 + 2*q**2 - 78*q. What is the units digit of d(1)?
9
Let j be 8/(64/(-2108))*2. Let i = -272 - j. What is the units digit of i?
5
Let i = 3105 + 1892. What is the units digit of i?
7
Let v(q) = -q**3 + 20*q**2 + 9*q - 143. Suppose 2*l - 5*d = 39, 0*l + 3*d - 48 = -3*l. What is the units digit of v(l)?
7
Let d(t) = 21*t - 10. Let x(u) be the second derivative of -10*u**3/3 + 11*u**2/2 - 6*u. Let a(p) = -5*d(p) - 6*x(p). What is the units digit of a(5)?
9
Let i = 53 - -12. Let l = i - 63. Suppose l*v - 4*b - 90 = 0, 4*b + 33 = -3*v + 168. What is the tens digit of v?
4
Suppose -5*p = 0, -7*p + 219 = -3*a - 2*p. Let z(c) = -c**3 + 3*c**2 + 11*c + 3. Let u be z(-5). Let n = u + a. What is the units digit of n?
5
Suppose 649*n = 655*n - 32166. What is the hundreds digit of n?
3
Let g be ((-56)/(-10))/((-144)/40 - -4). Suppose -5046 = -g*r + 1996. What is the hundreds digit of r?
5
Let b be (86/2 - (-3 + 1)) + 4. Suppose -13*k = -6*k - b. Let j(q) = 5*q**2 - 16*q + 2. What is the hundreds digit of j(k)?
1
Let q = 68 - 65. Suppose 5*r - 24 = q*j - 5, -5*j = -r - 5. Suppose -j*g = -5*g - 4*l + 292, g - 110 = 5*l. What is the tens digit of g?
0
Let s(l) = -3*l**3 + l**2 + 2*l + 1. Let x be s(-1). Suppose -c = 2*i - 1, -x*i = 2*c - 0*i - 3. Suppose 4*d - 49 = c*d. What is the tens digit of d?
4
What is the thousands digit of (-88692)/(-21) - -4 - (-64)/112?
4
Let v(c) = -c**3 + 76*c**2 - 71*c - 82. What is the thousands digit of v(51)?
1
Suppose -12*o = -11*o - 23. Suppose 0 = 3*t - 3, -3*l + o + 27 = -t. Suppose 2 = -n + l. What is the tens digit of n?
1
Let t = 210 + -195. What is the units digit of (-9)/t - (-3712)/20?
5
What is the hundreds digit of (-59616)/(-12) - -7 - 20/(-4)?
9
Let d(o) = o**2 - 6*o + 10. Let i be d(4). Suppose 54 = -5*h + i*h. What is the tens digit of 65 - h - (-8)/(-2)?
7
Let y = 211 + 41. Suppose -5*r + y = 2*g, -6*g - 3 = -9*g. What is the units digit of r?
0
Suppose 289*w - 38590 + 106641 = 306*w. What is the hundreds digit of w?
0
Let u be (((-8)/(-2))/4)/1. Let g be (u + -4)/((-2)/(-54)). Let w = -48 - g. What is the units digit of w?
3
Suppose 2*p = -4*i + 1502, i + 4*p + 736 = 3*i. Let g = 344 + i. What is the tens digit of g?
1
Let z(j) = 300*j + 168. Let m be z(6). Suppose -8*f - w = -13*f + 1983, -5*f + m = 4*w. What is the hundreds digit of f?
3
Let l(a) = -4*a**2 - 43*a - 33. Let p(x) = x**2 + 11*x + 8. Let b(c) = 2*l(c) + 9*p(c). Suppose -5*s - 37 = 38. What is the tens digit of b(s)?
3
Suppose -106*x + 121*x = 98460. What is the hundreds digit of x?
5
Suppose -11*l = -8*l - 72. What is the tens digit of 2346/l + (-9)/12?
9
Let u(j) = 4*j + 6. Let q be u(-4). Suppose -215*g + 113 = -213*g - 159. Let l = g + q. What is the hundreds digit of l?
1
Let x(c) = -27*c**2 - 6*c - 14. Let u be x(-2). Let t = 65 - u. Let a = 29 + t. What is the units digit of a?
4
Let m be 1 + -4 + (5 - -1). Suppose m = -i + 5. Suppose 3*z - 4 = -1, 4*l - i*z = 102. What is the units digit of l?
6
Let u(q) = q**2 + 21*q + 19. Let m be u(-20). Let l be 127/(-2 + (-9)/(-6) - m). Let x = l + -104. What is the tens digit of x?
5
Let s(m) = 4*m**2 + 19*m + 17. Suppose -16*g = -18*g + 110. Let z = -63 + g. What is the hundreds digit of s(z)?
1
Let z(b) = -4*b - 118. Let o be z(18). What is the tens digit of (9 + -3 + -9)*o/6?
9
Suppose 25*w - 15 = 10*w. Let t be (-34122)/(-27) + 28/(-36) + w. Suppose -13*x + 231 = -t. What is the hundreds digit of x?
1
Suppose d - 7153 = 3*i, -2*d - i + 13046 = -1246. What is the thousands digit of d?
7
Suppose 4*v - 5*r = 31, -2*v - 3*r + 5*r = -14. Suppose -3*h + 675 = n, v*n - 3*n - 651 = 3*h. What is the hundreds digit of n?
6
Let r(d) = 57661*d**2 + 1514*d + 1515. What is the tens digit of r(-1)?
6
Suppose 5*s + 5*p - 43620 = 0, 0 = s + 278*p - 273*p - 8728. What is the tens digit of s?
2
Let p = 63154 - 16153. What is the tens digit of p?
0
Let k(o) = o**3 + 11*o**2 + 9*o + 14. Let h be k(-10). Suppose -h*s + 8338 = -2*s. What is the tens digit of s?
7
Let f be (5 - (-1842)/30)*50. Suppose 47*h - f = 27*h. What is the units digit of h?
6
Let o be ((-33)/(-1))/((-9)/((-594)/6)). Let v = 706 - o. What is the hundreds digit of v?
3
Let z(b) = 1973*b + 229. What is the thousands digit of z(4)?
8
Let f(k) = -186*k + 130. Let y be f(-6). Suppose -1242*i - 2652 = -y*i. What is the units digit of i?
3
Let a be (-1)/(10/35)*(-1 + 19). Let w be 9/(a/(-1393)) + 3*-1. Suppose 45 = -x + w. What is the tens digit of x?
5
Suppose 7*v - 2*v - 40 = 0. Suppose 0 = 7*f + 141 - v. Let g(q) = -4*q - 4. What is the tens digit of g(f)?
7
Let v(o) = o**2 + 9*o + 16. Suppose -49 = 129*w - 122*w. What is the units digit of v(w)?
2
Let j(z) = -5965*z + 1162. What is the thousands digit of j(-6)?
6
Let f = -41781 - -94521. What is the tens digit of f?
4
Suppose -12*a - 291692 + 706412 = 0. Suppose 20*i - a = -10*i. What is the thousands digit of i?
1
Let j(r) = -38*r + 326. Let w be j(7). Suppose 13801 = -23*h + w*h. What is the tens digit of h?
7
Let t be (-56295)/(-24) - 4 - 6/(-16). Suppose 0 = 3*c - 5*h - 0*h - t, 0 = c - h - 780. What is the hundreds digit of c?
7
Suppose 9 - 3 = -3*v - 3*g, -v - 6 = 2*g. What is the hundreds digit of 4/((5 - v)/327)?
4
Suppose -17*u - 66150 = -22*u - 2*y, 4*u - 5*y - 52887 = 0. What is the thousands digit of u?
3
Suppose y + 2*i - 7 = 0, 4*y = -5*i - 7 + 20. Let u(z) = -212*z + 6. What is the tens digit of u(y)?
4
Suppose -41*p + 101536 = -253606. What is the hundreds digit of p?
6
Let w(j) = -4*j + 9. Let v be w(6). Let l = v + 22. Suppose -q = l*q - 2208. What is the units digit of q?
6
Let q be 1 - (4 + 1 + -27). Let i(u) = u**3 - 23*u**2 + 15*u + 42. What is the hundreds digit of i(q)?
3
Let p(x) = -2*x**3 - 10*x**2 - 18*x + 11. Let k be p(-10). Suppose -4*j - l = -912, -k = -4*j - 3*l - 287. What is the hundreds digit of j?
2
Let u(t) = -t**3 + 39*t**2 + 63*t - 1230. What is the thousands digit of u(38)?
2
Suppose -4*k = -f - k + 17, f - 5*k - 27 = 0. Suppose 4*c - 61 = 5*l + 122, 0 = f*c + 4*l - 72. What is the tens digit of c?
4
Let o be 3606/8*(-96)/(-36). Suppose -296 = 6*n - o. What is the tens digit of n?
5
Let f be (-11 - -3)/8*1. What is the tens digit of (61/f)/(777/196 + -4)?
0
Let t(c) = 85*c**2 - 5*c